4 (base 8) to base 6.
-112
Convert -9 (base 13) to base 7.
-12
What is 3 (base 6) in base 3?
10
What is 314 (base 9) in base 12?
194
5 (base 7) to base 3
12
-10 (base 11) to base 3
-102
What is 1 (base 4) in base 16?
1
What is 112 (base 4) in base 14?
18
Convert 10 (base 4) to base 7.
4
What is -26 (base 7) in base 11?
-19
What is 135 (base 6) in base 16?
3b
Convert 1 (base 13) to base 4.
1
Convert -4a (base 13) to base 8.
-76
What is -85 (base 12) in base 9?
-122
Convert 1 (base 6) to base 12.
1
What is 8 (base 10) in base 7?
11
140 (base 6) to base 5
220
What is -8 (base 12) in base 14?
-8
2100 (base 5) to base 3
101012
Convert -121 (base 8) to base 16.
-51
-22 (base 15) to base 12
-28
Convert -36 (base 10) to base 12.
-30
-110 (base 4) to base 10
-20
-11 (base 10) to base 12
-b
What is 11 (base 2) in base 15?
3
What is -34 (base 11) in base 14?
-29
2a (base 12) to base 6
54
-4 (base 9) to base 5
-4
-10 (base 3) to base 15
-3
Convert -10100 (base 2) to base 11.
-19
What is -25 (base 14) in base 15?
-23
What is 194 (base 12) in base 2?
100000000
What is 3 (base 11) in base 4?
3
Convert 23 (base 7) to base 11.
16
Convert 4 (base 15) to base 12.
4
Convert 16 (base 13) to base 11.
18
-3 (base 8) to base 13
-3
What is 51 (base 11) in base 15?
3b
-30 (base 7) to base 10
-21
5 (base 6) to base 4
11
Convert -1 (base 12) to base 15.
-1
What is 7 (base 11) in base 3?
21
-11 (base 2) to base 10
-3
Convert -2032 (base 4) to base 3.
-12021
What is 24 (base 5) in base 2?
1110
-160 (base 11) to base 7
-355
Convert -77 (base 10) to base 13.
-5c
What is -1102 (base 3) in base 9?
-42
Convert -7 (base 14) to base 7.
-10
Convert -2 (base 12) to base 7.
-2
Convert -67 (base 10) to base 14.
-4b
-3b (base 14) to base 13
-41
What is -31 (base 9) in base 13?
-22
What is 10 (base 4) in base 14?
4
Convert 19 (base 10) to base 4.
103
Convert -113 (base 5) to base 13.
-27
Convert 113 (base 4) to base 2.
10111
-1e (base 16) to base 11
-28
Convert 2111 (base 3) to base 16.
43
What is -1011110 (base 2) in base 7?
-163
-11 (base 6) to base 7
-10
Convert 1 (base 9) to base 8.
1
146 (base 14) to base 15
123
Convert -40 (base 8) to base 10.
-32
Convert -21 (base 15) to base 4.
-133
Convert 13 (base 16) to base 11.
18
Convert 1101 (base 2) to base 4.
31
-118 (base 13) to base 5
-1230
Convert -2 (base 8) to base 11.
-2
What is 10011 (base 2) in base 11?
18
Convert 12 (base 7) to base 8.
11
Convert 22 (base 12) to base 16.
1a
Convert 10 (base 7) to base 2.
111
What is 4 (base 9) in base 2?
100
b6 (base 15) to base 14
c3
Convert -214 (base 8) to base 11.
-118
What is -42 (base 8) in base 5?
-114
Convert 135 (base 8) to base 2.
1011101
0 (base 2) to base 9
0
-110000 (base 2) to base 4
-300
Convert 0 (base 15) to base 3.
0
What is -1 (base 7) in base 11?
-1
10000110 (base 2) to base 16
86
Convert 20 (base 12) to base 14.
1a
-11000 (base 2) to base 10
-24
Convert 13 (base 4) to base 2.
111
What is 101 (base 4) in base 12?
15
48 (base 15) to base 12
58
What is 22 (base 8) in base 4?
102
What is -7 (base 8) in base 12?
-7
Convert 11 (base 14) to base 2.
1111
Convert -1 (base 8) to base 12.
-1
Convert 221 (base 7) to base 13.
89
Convert -6 (base 10) to base 7.
-6
What is 3 (base 8) in base 14?
3
Convert 1 (base 11) to base 2.
1
What is 3 (base 13) in base 14?
3
16 (base 7) to base 4
31
Convert 1 (base 5) to base 14.
1
14 (base 13) to base 5
32
What is 5 (base 9) in base 12?
5
What is a (base 11) in base 8?
12
Convert -11 (base 10) to base 6.
-15
Convert 2232 (base 4) to base 8.
256
Convert -122 (base 3) to base 10.
-17
Convert 1 (base 3) to base 2.
1
What is 16 (base 7) in base 8?
15
-478 (base 9) to base 4
-12023
-15 (base 8) to base 9
-14
3 (base 9) to base 2
11
Convert -211 (base 3) to base 9.
-24
10110 (base 2) to base 10
22
Convert 1 (base 3) to base 16.
1
What is 2221 (base 3) in base 15?
54
Convert 32 (base 9) to base 3.
1002
Convert -261 (base 8) to base 11.
-151
What is -5 (base 16) in base 6?
-5
What is -2 (base 5) in base 2?
-10
Convert -20 (base 8) to base 5.
-31
Convert -11011000 (base 2) to base 7.
-426
Convert -95 (base 15) to base 10.
-140
Convert 35 (base 7) to base 4.
122
Convert -2 (base 3) to base 13.
-2
Convert 1 (base 11) to base 6.
1
14 (base 6) to base 15
a
What is -e (base 16) in base 9?
-15
What is 10 (base 6) in base 8?
6
What is 15 (base 6) in base 4?
23
22 (base 7) to base 13
13
Convert 1c (base 13) to base 11.
23
Convert 1202 (base 4) to base 14.
70
47 (base 8) to base 7
54
What is b (base 16) in base 15?
b
-204 (base 6) to base 16
-4c
2c (base 15) to base 14
30
47 (base 8) to base 5
124
-2 (base 6) to base 2
-10
11111 (base 3) to base 8
171
-2d (base 16) to base 6
-113
What is 12 (base 3) in base 16?
5
What is -20 (base 9) in base 8?
-22
What is -3 (base 4) in base 3?
-10
Convert 2 (base 14) to base 2.
10
10 (base 14) to base 15
e
What is -18 (base 12) in base 2?
-10100
What is -52 (base 10) in base 6?
-124
Convert 112 (base 3) to base 12.
12
4 (base 14) to base 9
4
Convert 49 (base 11) to base 16.
35
-4 (base 5) to base 10
-4
-d (base 16) to base 4
-31
-9 (base 15) to base 5
-14
Convert 69 (base 13) to base 6.
223
Convert 6a (base 15) to base 6.
244
What is 1d (base 16) in base 13?
23
6c (base 13) to base 9
110
What is -210 (base 4) in base 9?
-40
What is 110 (base 4) in base 6?
32
20 (base 3) to base 11
6
What is 7 (base 16) in base 5?
12
Convert -222 (base 7) to base 11.
-a4
What is 2123 (base 4) in base 9?
182
1332 (base 5) to base 15
e7
What is -18 (base 13) in base 12?
-19
Convert -1 (base 9) to base 6.
-1
Convert 0 (base 14) to base 6.
0
-14 (base 9) to base 13
-10
What is -9 (base 11) in base 5?
-14
Convert 0 (base 6) to base 12.
0
2221 (base 3) to base 10
79
-1a (base 13) to base 7
-32
Convert 113 (base 11) to base 3.
12000
-e7 (base 15) to base 12
-161
-10012 (base 3) to base 12
-72
60 (base 13) to base 8
116
Convert 10 (base 3) to base 15.
3
Convert 3 (base 6) to base 7.
3
What is -247 (base 10) in base 13?
-160
What is 1122 (base 5) in base 12?
116
Convert 110 (base 5) to base 14.
22
1 (base 10) to base 9
1
What is -15 (base 13) in base 3?
-200
What is -13 (base 10) in base 15?
-d
What is 1 (base 9) in base 7?
1
-3 (base 4) to base 11
-3
-1a (base 14) to base 6
-40
Convert -1 (base 2) to base 10.
-1
Convert 11 (base 7) to base 5.
13
Convert 0 (base 9) to base 10.
0
2 (base 16) to base 5
2
Convert -21 (base 11) to base 8.
-27
3 (base 4) to base 15
3
Convert -1 (base 10) to base 6.
-1
Convert -1000 (base 3) to base 12.
-23
What is -1 (base 13) in base 11?
-1
-11111 (base 2) to base 16
-1f
What is -1 (base 16) in base 13?
-1
-6 (base 14) to base 15
-6
What is 105 (base 9) in base 6?
222
-212 (base 3) to base 6
-35
What is -1c (base 13) in base 3?
-221
What is 3 (base 10) in base 2?
11
Convert 1110 (base 2) to base 7.
20
Convert -13 (base 6) to base 7.
-12
Convert -121 (base 9) to base 6.
-244
What is -10100 (base 2) in base 15?
-15
-14 (base 5) to base 9
-10
What is -26 (base 16) in base 6?
-102
Convert -4 (base 14) to base 11.
-4
What is 512 (base 6) in base 10?
188
Convert -7 (base 14) to base 13.
-7
Convert -31 (base 4) to base 8.
-15
Convert 2 (base 4) to base 3.
2
Convert -23 (base 11) to base 16.
-19
-12 (base 13) to base 16
-f
Convert -1 (base 7) to base 10.
-1
-3 (base 4) to base 11
-3
Convert 1 (base 5) to base 6.
1
9c (base 13) to base 4
2001
Convert 3 (base 6) to base 12.
3
-11001 (base 2) to base 6
-41
Convert 4 (base 12) to base 4.
10
-4 (base 15) to base 3
-11
-10 (base 9) to base 10
-9
Convert -1301 (base 4) to base 15.
-78
0 (base 16) to base 3
0
What is -141 (base 8) in base 13?
-76
Convert 36 (base 12) to base 16.
2a
-101101 (base 2) to base 10
-45
Convert 14 (base 5) to base 8.
11
What is -12021 (base 3) in base 4?
-2032
410 (base 8) to base 13
174
-101 (base 2) to base 11
-5
-b (base 14) to base 12
-b
What is -2 (base 11) in base 10?
-2
Convert -b (base 16) to base 14.
-b
-42 (base 6) to base 13
-20
Convert -10 (base 9) to base 11.
-9
-3 (base 16) to base 4
-3
Convert -10 (base 3) to base 11.
-3
Convert -3 (base 6) to base 4.
-3
What is 96 (base 10) in base 9?
116
What is -2 (base 5) in base 15?
-2
-1 (base 7) to base 4
-1
Convert -5a (base 16) to base 13.
-6c
Convert 10 (base 4) to base 11.
4
Convert -6 (base 9) to base 1